751*m - 1368. What is the thousands digit of l(-5)?
7
What is the tens digit of 12/(-9)*(-12)/14*(-197512)/(-32)?
5
Suppose -4*g + 16 = -2*d, 3*g + 0*g - d = 10. Suppose s + 1939 = 4*t, g = s - 3. Suppose m - 7*m = -t. What is the units digit of m?
1
Let o(n) = 5*n**2 - 218*n - 85. What is the thousands digit of o(60)?
4
Suppose 46*i + 10*i - 7*i = 75264. What is the units digit of i?
6
Let d = -1140 - -789. What is the hundreds digit of ((-71838)/d)/(1/3 + 0)?
6
Suppose -51*c = -33*c - 43*c + 50900. What is the tens digit of c?
3
What is the thousands digit of (14/2 + -10)*558711/(-81)?
0
Suppose 25 = 6*b - 23. Suppose 0 = 3*c + 4*g - 352, 124 = 9*c - b*c - 2*g. What is the tens digit of c?
2
Suppose 6081 = -7*k - 3229. Let x = k + 2078. What is the hundreds digit of x?
7
Let w = -592 - -2602. Suppose -77*g + w = -71*g. What is the units digit of g?
5
Suppose -3*c + 11 = -4. Suppose 0 = -3*f - 6*o + 3*o + 1065, -2*f = c*o - 704. What is the hundreds digit of f?
3
Let g be (3*(-3)/(-9))/(2/(-18)). What is the tens digit of (540/(-21))/((81/42)/g)?
2
Let g = 42 - 37. Suppose 35 + 0 = g*z. Suppose -z*c = 2*c - 270. What is the tens digit of c?
3
Suppose 5*y + 35 = n, 0*y = -4*n - 5*y + 90. Suppose 21*t - n*t - 8 = 0. What is the units digit of 2/((5 - 9)/(68/t))?
7
Let k be 4645/(-5) + 4/12*0. Let r = -508 - k. What is the units digit of r?
1
Suppose -23*o + 101*o - 52*o - 1077050 = 0. What is the hundreds digit of o?
4
Let v = -20131 + 29232. What is the hundreds digit of v?
1
Let v = 587 - 577. What is the units digit of 8/(-1) + 8820/v?
4
Let y be 0 + -1 + (-6)/(-3 - 3). Let h(f) = f**2 - 2*f + 2. Let a be h(y). Let g(x) = 44*x + 6. What is the units digit of g(a)?
4
Suppose -5*f - 3*x + 17115 = 0, 0*x = 4*x. Suppose f = 23*y + 962. What is the units digit of y?
7
Suppose 0 = 4*c + f - 68149, -c + 17061 = 9*f - 4*f. What is the units digit of c?
6
Let a = -11201 + 16178. What is the thousands digit of a?
4
What is the ten thousands digit of ((-24)/18)/(10/(-142245))?
1
Let g(d) = 58*d + 8933. What is the units digit of g(0)?
3
Let u be (0 - (-4)/(-6))*39. Let s = u + 47. Suppose 3*r = 0, 2*l = 2*r + 61 + s. What is the units digit of l?
1
What is the tens digit of (1106/(-3) + 68/102)/((-20)/2230)?
3
Let j be (1 + -1292 + -2)/(-1 + 0). Suppose -6*v + j = 261. What is the units digit of v?
2
Let n(v) be the third derivative of -v**4/3 + 165*v**3 - 18*v**2. Let z be n(0). Suppose -z = -16*w + 5*w. What is the tens digit of w?
9
What is the hundreds digit of (1 + 1677)/(110/330)?
0
Let k(l) = -l**3 + 12*l**2 - 18*l - 2. Suppose -4*a - d + 87 = 0, 4*a = d + 26 + 55. Suppose a*n = 20*n + 10. What is the units digit of k(n)?
8
What is the thousands digit of 4675968/180 + ((-26)/10 - (12 - 15))?
5
Let g(v) = 7*v - 7. Let k be g(-5). Let c(s) = -4*s**2 - 3*s + 130. Let m be c(0). Let n = k + m. What is the tens digit of n?
8
Let j(f) = 4150*f - 962. What is the thousands digit of j(6)?
3
Suppose -52*m + 856380 = 53*m - 1820490. What is the thousands digit of m?
5
Suppose 0*k + 4*r - 2 = -2*k, -8 = -2*k + 2*r. Suppose 88*x = -351*x + 878. Suppose t - x*s - 250 = -k*t, 5*t = -s + 302. What is the tens digit of t?
6
Let v = -69327 - -108626. What is the ten thousands digit of v?
3
Let i(a) be the first derivative of a**4/2 - 8*a**3/3 + 6*a**2 - 9*a + 1. Let h be (-4 - (-3 - -8))/(30/(-20)). What is the units digit of i(h)?
7
Let f = 237 + -235. Suppose 2*c = -10, -v = f*v - c - 923. What is the tens digit of v?
0
Let z be -51 + 3 + -1*5 - -3. What is the tens digit of -48 - z - (-1 + 1*-254)?
5
Suppose 2*c = 16 - 10. Suppose 0 = 3*s + 15, -281 + 2639 = 3*x + c*s. Suppose x + 589 = 5*f. What is the hundreds digit of f?
2
Let k be (0/1)/(-17 + 15). Let u(h) = 2*h**2 + 31*h + 20. Let v be u(-15). Suppose -2*a - 268 = -2*j - k*a, v*a = 2*j - 262. What is the units digit of j?
6
Let a = -102 + 44. Let z = 282 + a. What is the tens digit of z?
2
Let q = -4191 - -6277. Suppose -10*r + 17*r - q = 0. What is the units digit of r?
8
Suppose 5*d = -1189 - 196. Let i = d - -536. What is the units digit of i?
9
Let n(v) = 276*v - 3674. What is the tens digit of n(59)?
1
Suppose 22*w - 17*w = 5, 0 = 4*j + 5*w - 17. What is the hundreds digit of (8940/18)/((-2)/j)*-1?
7
Suppose -8*n - 820 = 652. Let v = 629 + n. What is the units digit of v?
5
Suppose t - 3*j = -126, 5*t + 2*j + 143 = -470. Let l = t - -336. Suppose l = 5*m - 262. What is the units digit of m?
5
Let s = 5200 + -3513. What is the tens digit of s?
8
Suppose 0 = 7*r - 8*r - 4*w + 4532, r - 5*w = 4577. What is the thousands digit of r?
4
Let t be 43 + (-2)/(-6)*(-2 - -2). Suppose 3*z + 9 - t = 2*h, -4*z + 44 = -2*h. What is the tens digit of z?
1
Let f(o) = 73*o**2 + 66*o + 985. What is the ten thousands digit of f(-18)?
2
Let q = 164 - 164. Suppose -3*c - c + 3*j = -344, q = -3*c - 4*j + 258. What is the tens digit of c?
8
Suppose 2 = -2*d + 2*r, -4 = 4*d - 3*r + 5*r. What is the units digit of -2 + -2 + 5 + 718 + d?
8
Suppose 106*z - 85*z = 136605. What is the units digit of z?
5
Let i = 249 - 228. Let t(a) = -a**3 + 23*a**2 - 10*a + 3. What is the tens digit of t(i)?
7
Suppose 14*l - 13*l - 437 = 0. Let c = l + 2572. Suppose -8*q - 9*q = -c. What is the hundreds digit of q?
1
Let b(j) = j**3 - 5*j**2 + 3*j + 1. Let i be b(7). Suppose -i*k = -119*k - 839. What is the tens digit of k?
3
Suppose -4*a - 12 = b + b, 4*a + 4 = 0. Let m be (-3 - (-26)/6)/(b/(-6)). Suppose 5*g = 5*j + 10*g - 280, -m*j + g = -103. What is the units digit of j?
3
Suppose -8*c + 25*c - 1836 = 0. Let n = c + -40. What is the tens digit of n?
6
Suppose -6*f - 20 + 212 = 0. Suppose 19*w + 2041 = f*w. What is the hundreds digit of w?
1
Let l = 683 + -115. Let g = l + 5. What is the units digit of g?
3
Let n(p) = 10*p - 32 - 29 - 37 + 90. What is the units digit of n(2)?
2
Let f be (-8 - -2)*(-8 - -2). Suppose n = 1, 2*j + f = -2*j + 4*n. Let g(k) = -5*k - 20. What is the units digit of g(j)?
0
Let p = 37712 + 15775. What is the units digit of p?
7
Let m be -15 + 27 + -10 + 31. Suppose -2*q - 69 = -209. Let h = q - m. What is the tens digit of h?
3
Let a(z) = 399*z**2 + 250*z + 57. What is the tens digit of a(13)?
3
Suppose -3*n - 4*m = -34, -3*n = m - 4*m - 69. What is the hundreds digit of 5332/n + ((-10)/45 - 0)?
2
Let q = 56430 - 27855. What is the ten thousands digit of q?
2
Let r = 1516 + 17238. What is the hundreds digit of r?
7
Suppose -p + 20141 = h + 3*h, -p = 2*h - 20151. What is the hundreds digit of p?
1
Suppose -6*f - 15 = -9*f, 4*b = -f + 437. Let y = -103 + b. What is the units digit of y?
5
Suppose 152681 + 810970 = 28*o + 39427. What is the tens digit of o?
0
Let p(j) = 167*j**2 - 5*j + 3. Let v(u) = -250*u**2 + 8*u - 5. Let r(f) = 8*p(f) + 5*v(f). Let g = -20706 - -20707. What is the tens digit of r(g)?
8
Let a(u) = -8*u + 11. Suppose -21*x + 119 - 350 = 0. What is the tens digit of a(x)?
9
Let b(z) = -z**2 - 2*z + 31. Let w be b(6). Let x(d) = -d**3 - 20*d**2 - 49*d + 44. What is the units digit of x(w)?
0
Suppose 3*n + 22 = 4*u, 5*n + 0*n + 26 = 4*u. Suppose -4*g + 120 = 2*s, u*g + s = 2*s + 108. Suppose -87 = -g*f + 25*f. What is the tens digit of f?
2
Let o = -4043 + 12035. Suppose 12*k = -15*k + o. What is the hundreds digit of k?
2
Suppose -4*d + 9814 = 34*z - 32*z, 0 = 5*z + 25. What is the tens digit of d?
5
Let j(w) = -14*w**2 - 9*w + 17. Let o(v) = -v + 1. Suppose 0 = -5*p + 106 - 86. Let u(t) = p*o(t) - j(t). What is the hundreds digit of u(3)?
1
What is the thousands digit of (-2)/(-48) + 72782164/5664?
2
Suppose 3 = 2*k - i, 0 = 4*k - 4*i - 4. Let a(p) = 3 - p - 5 - 277*p**2 + 376*p**k. What is the units digit of a(-1)?
8
Let z = -1893 + 1896. Let x(q) = -q**3 + 4*q**2 - 2*q - 1. Let l be x(3). Suppose -h - 137 = -z*h - u, -2*h + 146 = -l*u. What is the units digit of h?
0
Let g(q) = -32*q + 3. Suppose 3*a = 3*f - 21, -2*f + 3*f = 4*a + 22. Let l be g(a). What is the hundreds digit of (-2 - -3)/(1/l)?
1
Let j(n) = 4*n**3 + 138*n**2 + 69*n + 48. What is the hundreds digit of j(-33)?
3
Let w be (-2)/(-9) + (-310)/18. Let h(v) = -2*v - 32. Let y be h(w). Suppose y*c = 3*c - 97. What is the tens digit of c?
9
Let u = -598 + 911. Let o = -182 + u. What is the units digit of o?
1
Suppose -44 = -5*t + 4*y